{"id":1899,"date":"2023-09-27T15:04:06","date_gmt":"2023-09-27T13:04:06","guid":{"rendered":"https:\/\/www.epass.cz\/?page_id=1899"},"modified":"2023-09-27T15:04:24","modified_gmt":"2023-09-27T13:04:24","slug":"platebni-kalendar","status":"publish","type":"page","link":"https:\/\/www.epass.cz\/index.php\/platebni-kalendar\/","title":{"rendered":"Platebn\u00ed kalend\u00e1\u0159"},"content":{"rendered":"","protected":false},"excerpt":{"rendered":"","protected":false},"author":1,"featured_media":0,"parent":0,"menu_order":0,"comment_status":"closed","ping_status":"closed","template":"wp-custom-template-platebni-kalendar","meta":{"footnotes":""},"_links":{"self":[{"href":"https:\/\/www.epass.cz\/index.php\/wp-json\/wp\/v2\/pages\/1899"}],"collection":[{"href":"https:\/\/www.epass.cz\/index.php\/wp-json\/wp\/v2\/pages"}],"about":[{"href":"https:\/\/www.epass.cz\/index.php\/wp-json\/wp\/v2\/types\/page"}],"author":[{"embeddable":true,"href":"https:\/\/www.epass.cz\/index.php\/wp-json\/wp\/v2\/users\/1"}],"replies":[{"embeddable":true,"href":"https:\/\/www.epass.cz\/index.php\/wp-json\/wp\/v2\/comments?post=1899"}],"version-history":[{"count":1,"href":"https:\/\/www.epass.cz\/index.php\/wp-json\/wp\/v2\/pages\/1899\/revisions"}],"predecessor-version":[{"id":1900,"href":"https:\/\/www.epass.cz\/index.php\/wp-json\/wp\/v2\/pages\/1899\/revisions\/1900"}],"wp:attachment":[{"href":"https:\/\/www.epass.cz\/index.php\/wp-json\/wp\/v2\/media?parent=1899"}],"curies":[{"name":"wp","href":"https:\/\/api.w.org\/{rel}","templated":true}]}}